133?
1231214
In base 5, what is 240123003 - -242?
240123300
In base 12, what is 34 + -349b32?
-349aba
In base 4, what is 13213210 - -1131102?
21010312
In base 4, what is 200131 + 2223220?
3030011
In base 5, what is -14 - 231341313312?
-231341313331
In base 8, what is -31 - 3065757?
-3066010
In base 11, what is 4201 - -86a4?
118a5
In base 6, what is -1305432221 + 2?
-1305432215
In base 15, what is -32 - 897d0?
-89812
In base 12, what is -16 + 778556?
778540
In base 16, what is 106bd + -341?
1037c
In base 13, what is 255 - -3b112?
3b367
In base 12, what is 252 + -4078b8?
-407666
In base 4, what is 21002002 - -23103?
21031111
In base 4, what is 113 + -1030132010?
-1030131231
In base 14, what is -a1233dba + -4?
-a1233dc0
In base 5, what is -1 - -1342441204?
1342441203
In base 6, what is 2 - -1004313013?
1004313015
In base 3, what is 210010012111 + -2210?
210010002201
In base 6, what is -3010 - -3030?
20
In base 9, what is -634682 - -140?
-634542
In base 12, what is -134 - 1412b?
-14263
In base 12, what is 96 + 76b946?
76ba20
In base 12, what is -6 + -55a150a?
-55a1514
In base 4, what is -213102210 + -210?
-213103020
In base 5, what is -3424414 + -112021?
-4041440
In base 10, what is -117760 - -73?
-117687
In base 12, what is -56083b + a3?
-560758
In base 7, what is -12 + 12620205?
12620163
In base 15, what is -6 + 155351?
15534a
In base 7, what is -36236035 - 123?
-36236161
In base 11, what is -8a460 - 124?
-8a584
In base 10, what is -66 - 9135304?
-9135370
In base 7, what is -220 + -1656405?
-1656625
In base 16, what is -7ec - -21bd?
19d1
In base 10, what is -1585953 - -41?
-1585912
In base 15, what is 2 + 49585d?
495860
In base 9, what is -343460 + 11?
-343448
In base 15, what is e33 - -b52?
1a85
In base 11, what is -11a837a9 + 5?
-11a837a4
In base 3, what is 1022212 + 102002122?
110102111
In base 6, what is -4023535350 + 4?
-4023535342
In base 4, what is -1000210210110 + 100?
-1000210210010
In base 5, what is -10 + -141000304212?
-141000304222
In base 7, what is -14 + -2440420?
-2440434
In base 8, what is 1305 - -11153?
12460
In base 2, what is 10110110110100011 + -111101110?
10110101110110101
In base 11, what is -174 + a091?
9a18
In base 13, what is -74a35 - 76?
-74aab
In base 15, what is -90b7 - -2e8?
-8cbe
In base 6, what is 403 - 24501?
-24054
In base 4, what is 3203011 + -131323?
3011022
In base 10, what is -168 + 252168?
252000
In base 12, what is -5 + 16681666?
16681661
In base 15, what is -d333 + -21b?
-d54e
In base 15, what is d - -493c2?
493d0
In base 10, what is -21251344 - -6?
-21251338
In base 14, what is -3a02d + -71?
-3a0a0
In base 16, what is -a - -831e5?
831db
In base 2, what is -110011011 - -10000001111010?
1111011011111
In base 5, what is 10 + 4012010434?
4012010444
In base 6, what is 52321 + -22222?
30055
In base 7, what is 10 - 3450045?
-3450035
In base 12, what is -9685b442 - -4?
-9685b43a
In base 2, what is -1101101 - 10100101100110?
-10100111010011
In base 8, what is 12 - 53206?
-53174
In base 12, what is -2326 + -19320?
-1b646
In base 10, what is -53553 + -1160?
-54713
In base 4, what is 122330330 + 213001?
123203331
In base 16, what is -3 - -174e341?
174e33e
In base 14, what is -2b102a6 + 4?
-2b102a2
In base 7, what is 242655551 - 24?
242655524
In base 9, what is -1232 - -105?
-1126
In base 5, what is -1 - -10241432323?
10241432322
In base 3, what is 110002222102 - 2110?
110002212222
In base 4, what is -13330031330 - 13?
-13330032003
In base 15, what is 3583e - 40?
357ee
In base 8, what is 24320 - 1122?
23176
In base 15, what is 11e96ad + -1?
11e96ac
In base 12, what is -1 + -b3259?
-b325a
In base 8, what is -2244 - 5227?
-7473
In base 12, what is -a2603 - -141?
-a2482
In base 13, what is -1 + 29b81?
29b80
In base 13, what is -37b - 3b5?
-763
In base 8, what is -20300614 + 12?
-20300602
In base 12, what is -71 - -32a145?
32a094
In base 10, what is 238 - 1162?
-924
In base 4, what is 10 + -1212331203?
-1212331133
In base 8, what is -320101 + -25?
-320126
In base 6, what is 1551302 - -11421?
2003123
In base 3, what is -12 + -12000122021210?
-12000122021222
In base 2, what is -100010 - 110010001101011001?
-110010001101111011
In base 8, what is 32503217 + -6?
32503211
In base 8, what is -57605 + 6550?
-51035
In base 5, what is 1034300041 - 113?
1034244423
In base 8, what is 211 + -373742?
-373531
In base 2, what is -10101 + 10000110010111111?
10000110010101010
In base 8, what is 10 - -1275532715?
1275532725
In base 12, what is 515044 - 4?
515040
In base 9, what is 3160583 + -3?
3160580
In base 7, what is 143362 + 1513?
145205
In base 2, what is 0 - 10111010011010100010101?
-10111010011010100010101
In base 11, what is -8 + a98a764?
a98a757
In base 7, what is 1 - 334462430?
-334462426
In base 7, what is -20266 + 321?
-16645
In base 14, what is -bcc9 + -79?
-bd64
In base 11, what is 2 - 6652150?
-6652149
In base 15, what is 1cd95 + 34?
1cdc9
In base 9, what is 2204836 + -1?
2204835
In base 10, what is -1586416270 + -4?
-1586416274
In base 16, what is -2b - -d75b7?
d758c
In base 16, what is ea8d70 - 5?
ea8d6b
In base 2, what is -1010 - 1110000101001011001101?
-1110000101001011010111
In base 14, what is -bd8946a + -4?
-bd89470
In base 12, what is -1 + -27a73084?
-27a73085
In base 13, what is 3b6bc5 + -5?
3b6bc0
In base 9, what is -12668 + 6248?
-5420
In base 3, what is -122210102 - 11001021?
-210211200
In base 2, what is 11001000011100011101111 - -1110?
11001000011100011111101
In base 10, what is 1060297 + 4?
1060301
In base 7, what is 3633166033 - -2?
3633166035
In base 5, what is 314330232 - 312?
314324420
In base 10, what is 417939 + 47?
417986
In base 2, what is -10 - -100100100000001001010110?
100100100000001001010100
In base 14, what is -c - a3152?
-a3160
In base 8, what is -5441045 - 234?
-5441301
In base 15, what is -5 - c00658?
-c0065d
In base 9, what is 1510845 - 5?
1510840
In base 5, what is 242003 - 10221?
231232
In base 12, what is 5b22a + -168?
5b082
In base 12, what is -a584571 - 10?
-a584581
In base 6, what is -325315214 - -2?
-325315212
In base 2, what is -11101101000011101 - -100?
-11101101000011001
In base 9, what is 408034 + 173?
408217
In base 7, what is -3 + -1400260652?
-1400260655
In base 15, what is -44 - 6d42e?
-6d473
In base 3, what is 20 - 21002102202200?
-21002102202110
In base 16, what is -31c557 - d?
-31c564
In base 10, what is 4 - -99166773?
99166777
In base 7, what is 65510100 - -16?
65510116
In base 7, what is -105562 - 14404?
-123266
In base 6, what is 2542 + 4411441?
4414423
In base 8, what is -10 - 56551014?
-56551024
In base 9, what is 13 + 52042354?
52042367
In base 7, what is 336 - 1432345?
-1432006
In base 14, what is 7bd8c - -8?
7bd96
In base 15, what is -2de - 10e?
-3ed
In base 6, what is -3110 + 23024105?
23020555
In base 7, what is -1 - 123064214?
-123064215
In base 5, what is 11302320 + 2310?
11310130
In base 12, what is -5 - 2546b63?
-2546b68
In base 7, what is -15 + -365153331?
-365153346
In base 15, what is -582339 + 3?
-582336
In base 15, what is 515 + -937c?
-8d67
In base 8, what is 2644 + 52104?
54750
In base 13, what is -87 - 316806?
-316890
In base 10, what is -4443854 + -185?
-4444039
In base 14, what is -173020 + 374?
-172a8a
In base 4, what is -230123 + -303021?
-1133210
In base 16, what is -18ef - -cc?
-1823
In base 3, what is -2010210212102011 + 1?
-2010210212102010
In base 6, what is -2213533 - -342?
-2213151
In base 3, what is 11120111211020110 + -20?
11120111211020020
In base 16, what is 164003 - -2?
164005
In base 5, what is -301 - 13034323?
-13040124
In base 6, what is 2131221 + -2403?
2124414
In base 8, what is -212 + 165261?
165047
In base 11, what is 2546 - -1560?
3aa6
In base 13, what is -32c6 - -a51?
-2575
In base 13, what is 80609942 - 3?
8060993c
In base 4, what is 1030332230 - -30?
1030332320
In base 2, what is 101100010011000111 + -10010011011?
101100000000101100
In base 4, what is -10 + -20230113221?
-20230113231
In base 14, what is 1d4d + -464b?
-26dc
In base 8, what is -70 + -332561?
-332651
In base 14, what is -3 - -b60903?
b60900
In base 2, what is 110110110110 + 11100001011010011?
11101000010001001
In base 15, what is -129e95 + -7?
-129e9c
In base 5, what is 12413233 + 0?
12413233
In base 3, what is 121022012 + 111210110?
1010002122
In base 16, 